se 14?
-64dd
-10000 (base 4) to base 5
-2011
32223 (base 4) to base 16
3ab
Convert ad (base 16) to base 9.
212
Convert 5348 (base 10) to base 3.
21100002
-184b (base 13) to base 12
-2110
What is 110120 (base 4) in base 7?
3542
What is 1112110000 (base 3) in base 9?
45400
-1000001110 (base 2) to base 16
-20e
Convert -3610 (base 7) to base 12.
-92a
b4 (base 15) to base 11
144
Convert -60452 (base 8) to base 6.
-311054
Convert -940 (base 11) to base 3.
-1112222
Convert 5dd (base 15) to base 12.
931
Convert ca (base 14) to base 7.
343
Convert -151254 (base 6) to base 8.
-34362
Convert 10100010100 (base 2) to base 16.
514
What is 1222220 (base 3) in base 7?
4146
-166b7 (base 13) to base 16
-a79b
What is -204335 (base 8) in base 11?
-46a41
Convert 101001110100 (base 2) to base 15.
bd6
What is -4928 (base 16) in base 5?
-1044403
What is 131140 (base 8) in base 3?
2022122021
What is -1340 (base 8) in base 15?
-341
What is 1120010 (base 3) in base 9?
1503
303202 (base 5) to base 3
111110001
Convert -110000111110 (base 2) to base 13.
-1571
Convert -111110 (base 3) to base 12.
-263
What is -11002 (base 4) in base 5?
-2242
Convert -95 (base 10) to base 5.
-340
What is 10100111110000 (base 2) in base 11?
8080
Convert -1307 (base 11) to base 10.
-1701
-2171 (base 9) to base 2
-11001000011
What is 1101113 (base 4) in base 7?
21116
What is 31022 (base 4) in base 3?
1011012
What is 1000100000 (base 2) in base 16?
220
Convert 248 (base 9) to base 8.
316
Convert 25610 (base 9) to base 16.
436e
-1058b (base 14) to base 2
-1001101001011111
Convert -103541 (base 7) to base 5.
-1034420
-322 (base 15) to base 8
-1303
Convert -7a4 (base 13) to base 5.
-20232
21010110 (base 3) to base 10
5196
235e (base 15) to base 13
3560
What is 22b (base 13) in base 15?
1a0
Convert 344000 (base 5) to base 4.
3001113
9c6c (base 13) to base 6
245203
-303 (base 14) to base 4
-21033
-36124 (base 9) to base 15
-725a
Convert -591 (base 16) to base 4.
-112101
aa4 (base 15) to base 13
112c
Convert -101001100110001 (base 2) to base 8.
-51461
What is -343b (base 12) in base 13?
-2849
Convert 59e (base 16) to base 3.
1222021
40033 (base 5) to base 11
198a
-2242 (base 5) to base 6
-1254
-11120222 (base 3) to base 5
-101342
342113 (base 5) to base 12
7052
Convert -36c (base 14) to base 5.
-10214
Convert -1500 (base 6) to base 15.
-1b6
-1001200 (base 3) to base 7
-2154
241 (base 10) to base 16
f1
Convert a143 (base 14) to base 7.
143513
What is -323 (base 13) in base 16?
-218
11001010000001 (base 2) to base 6
135505
Convert 3505 (base 12) to base 5.
142114
-266d (base 14) to base 13
-3101
347 (base 16) to base 13
4c7
What is 101000 (base 3) in base 14?
154
-253 (base 10) to base 7
-511
-866 (base 12) to base 11
-a19
What is -416 (base 12) in base 16?
-252
Convert 968 (base 10) to base 14.
4d2
203 (base 14) to base 9
478
What is 110011011 (base 2) in base 14?
215
2512 (base 8) to base 6
10134
Convert 1111022000 (base 3) to base 13.
104a9
Convert -175 (base 11) to base 9.
-245
Convert -1011122 (base 3) to base 13.
-509
Convert -1588 (base 9) to base 5.
-14324
What is 26841 (base 13) in base 15?
163a9
1132 (base 13) to base 16
967
1721 (base 13) to base 3
11200012
What is 7348 (base 11) in base 9?
14313
What is -1d3 (base 14) in base 2?
-101111101
1000101110110 (base 2) to base 11
33a4
Convert -133031 (base 4) to base 14.
-a29
What is -6642 (base 13) in base 9?
-21483
-7173 (base 9) to base 12
-3056
15432 (base 8) to base 3
100111222
100011111 (base 2) to base 14
167
-42032 (base 5) to base 8
-5317
Convert c6d (base 15) to base 14.
1043
What is 11001010 (base 2) in base 8?
312
What is 2d6 (base 15) in base 12?
463
-d08 (base 14) to base 6
-15500
What is 32300 (base 4) in base 15?
42e
-958 (base 10) to base 16
-3be
What is 991 (base 11) in base 4?
102211
Convert -155 (base 11) to base 7.
-346
What is 1525 (base 6) in base 12?
2a5
Convert 1b5 (base 13) to base 15.
162
What is 310222 (base 7) in base 12?
26774
Convert -249b5 (base 12) to base 10.
-49817
Convert -22310311 (base 4) to base 7.
-243163
Convert 2153 (base 6) to base 13.
2c7
d58 (base 16) to base 10
3416
1551 (base 7) to base 3
212010
-ea8 (base 15) to base 14
-12c4
What is 10000000101 (base 2) in base 4?
100011
What is 363 (base 11) in base 6?
2000
Convert 1111121222 (base 3) to base 9.
44558
What is 2662 (base 7) in base 12?
714
Convert 19e7 (base 16) to base 8.
14747
-1011001000010110 (base 2) to base 10
-45590
34775 (base 8) to base 5
433340
What is c1 (base 15) in base 5?
1211
bab (base 14) to base 10
2307
Convert 30023102 (base 4) to base 7.
265256
Convert -20541 (base 8) to base 14.
-3185
Convert -110211121 (base 3) to base 16.
-248e
Convert 1001431 (base 5) to base 16.
3dfa
148a4 (base 11) to base 5
1133142
What is -34554 (base 6) in base 12?
-2a5a
37540 (base 8) to base 14
5cac
What is -224412 (base 5) in base 10?
-8107
-343a0 (base 12) to base 9
-115513
Convert -3606 (base 11) to base 8.
-11165
Convert a05 (base 13) to base 11.
1301
What is -101210002 (base 3) in base 16?
-1eb3
-12303 (base 4) to base 11
-366
Convert 13202 (base 7) to base 16.
dca
What is -4248 (base 13) in base 5?
-243221
Convert -420 (base 10) to base 16.
-1a4
-5b3 (base 15) to base 2
-10100001101
6198 (base 11) to base 6
102010
231 (base 7) to base 11
aa
Convert -674 (base 9) to base 5.
-4203
Convert 1231 (base 14) to base 10.
3179
What is -2415 (base 6) in base 15?
-292
c748 (base 15) to base 13
1624a
a1e4 (base 16) to base 5
2311234
What is 3342 (base 16) in base 12?
7716
What is 13234 (base 6) in base 3?
2210111
Convert 314111 (base 6) to base 14.
9439
What is 1000000100010 (base 2) in base 3?
12122222
Convert -3300 (base 7) to base 9.
-1546
Convert -14403 (base 7) to base 11.
-2a91
What is -11011100111 (base 2) in base 15?
-7cc
Convert 35dd (base 14) to base 2.
10010010111111
Convert -59ad (base 15) to base 9.
-28131
What is 1210221212 (base 3) in base 6?
433122
What is 3643a (base 11) in base 7?
305606
What is -198 (base 16) in base 9?
-503
-1313312 (base 4) to base 8
-16766
What is -2500 (base 7) in base 3?
-1021111
32132 (base 4) to base 5
12201
1443 (base 5) to base 8
370
-65 (base 14) to base 5
-324
Convert -11011101100010 (base 2) to base 15.
-4303
-20a39 (base 11) to base 9
-45786
What is -1c8b (base 15) in base 2?
-1100000111110
Convert -9d26 (base 15) to base 9.
-50650
Convert 1400a (base 11) to base 12.
b687
-11000032 (base 4) to base 6
-234514
-11033 (base 4) to base 5
-2320
224441 (base 5) to base 16
1fb9
12000 (base 4) to base 2
110000000
Convert -61 (base 12) to base 4.
-1021
-5521 (base 9) to base 6
-30501
What is -1102221 (base 3) in base 13?
-62b
Convert -755 (base 16) to base 9.
-2515
What is -5868 (base 9) in base 2?
-1000100000011
What is -140 (base 14) in base 16?
-fc
Convert -1753 (base 9) to base 11.
-1012
What is -1423 (base 5) in base 3?
-22211
What is 3 (base 8) in base 12?
3
12f (base 16) to base 9
366
Convert 392 (base 13) to base 6.
2522
Convert -1584 (base 12) to base 5.
-40143
5c9 (base 13) to base 14
522
What is 21568 (base 9) in base 14?
530a
1460 (base 10) to base 6
10432
Convert 838 (base 10) to base 7.
2305
122210121 (base 3) to base 4
3022300
Convert -3881 (base 14) to base 7.
-40621
-111110101 (base 2) to base 14
-27b
What is -5f4e (base 16) in base 10?
-24398
What is 201222211 (base 3) in base 15?
44ba
Convert -1032111 (base 4) to base 3.
-20212200
Convert e5e (base 15) to base 10.
3239
35b (base 14) to base 5
10134
What is 1221202 (base 3) in base 16?
590
Convert -347 (base 9) to base 15.
-141
-2292 (base 15) to base 16
-1ca9
Convert -30023 (base 4) to base 10.
-779
What is -13355 (base 7) in base 11?
-2799
What is -1000001111010000 (base 2) in base 10?
-33744
541 (base 6) to base 4
3031
What is 24907 (base 10) in base 14?
9111
Convert 10100100110000 (base 2) to base 6.
120452
Convert 630 (base 13) to base 12.
739
1849 (base 12) to base 7
11364
-100001110 (base 2) to base 9
-330
Convert -140251 (base 6) to base 2.
-11001100000111
Convert -301 (base 14) to base 16.
-24d
Convert 849 (base 15) to base 16.
74d
Convert 2200220210 (base 3) to base 15.
10b3c
Convert -5655 (base 8) to base 7.
-11500
What is -10100001 (base 2) in base 6?
-425
Convert -11201022 (base 3) to base 7.
-13010
Convert 1232454 (base 6) to base 14.